)/u?
2, 3, 5
Let q be 2 - (-6 - -1809 - 4). Let t = q + 2626. What are the prime factors of t?
829
Let u(y) be the second derivative of 0 - 13/6*y**3 - 3/2*y**2 - y - 1/20*y**5 - 2/3*y**4. What are the prime factors of u(-7)?
3, 13
Let g(n) be the third derivative of 29*n**4/8 - 19*n**3/6 - 5*n**2 - 5. What are the prime factors of g(9)?
2, 191
Let h be (-28)/(-7)*(-2 + -118). Let f be 21/4*h/(-45). Suppose 251 = 5*k + f. List the prime factors of k.
3, 13
Let y = 41538 - 16642. List the prime factors of y.
2, 389
Let g(f) = 297*f**3 + f**2 + 3. Let k be g(3). Let m be ((-1)/(-2))/(k/2676 + -3). Suppose -3*y = -2*c - 0*c - m, 3*y - 449 = 5*c. List the prime factors of y.
2, 37
Suppose 0 = 2*f + u - 4, 4*f - u + 2*u = 4. Let r(m) = m**2 + 5*m + 1. Let c be r(-6). Suppose -9*t + c*t + 72 = f. What are the prime factors of t?
2, 3
Suppose -v + 2891 = -n, 2*v - 5*n = 7*v - 14465. List the prime factors of v.
2, 3, 241
Let j(r) = -r + 5. Let g(l) = 7*l + 242. Let m(q) = g(q) - j(q). List the prime factors of m(30).
3, 53
Let r = 35 - -16. Let t = r - 89. What are the prime factors of 90030/285 - 4/t?
2, 79
Let r = 2968 - 5601. Let l = 4029 + r. List the prime factors of l.
2, 349
Let m = 6701 - 4983. What are the prime factors of m?
2, 859
Let r(n) = 4*n**2 - 51*n - 736. List the prime factors of r(69).
23, 643
Let r = 59 + -58. Let j = 19 + r. What are the prime factors of (j/(-25))/(6/(-555)*1)?
2, 37
Let g(n) = -n**3 + n**2 + 4. Let q be g(0). Let m(j) = j + 6 - 4*j + q*j + 16*j - j**2. List the prime factors of m(8).
2, 3, 13
Let d be (2/2)/((-1)/(-83)). Let y = 553 - d. Suppose 2*i + 137 = -x + y, 3*x + 504 = 3*i. List the prime factors of i.
167
List the prime factors of 321655/14 + (-72)/1008 - 2/7.
5, 919
Let v(z) = -6410*z + 1564. What are the prime factors of v(-3)?
2, 37, 281
Suppose -5*x = -8*o + 275372, -107*o + 172115 = -102*o - 5*x. What are the prime factors of o?
3, 7, 11, 149
Let l = -233 + 503. Let p = l - -9. What are the prime factors of p?
3, 31
Suppose -4*c + n = 1, 0 = -2*n - 1 + 3. Suppose 10*s + 4*s - 1582 = c. List the prime factors of s.
113
Let n = -115 - -44. Let i = n + 86. Suppose 0 = -i*u + 2439 + 126. What are the prime factors of u?
3, 19
Suppose 5003 = 6*g - 5*g + 3*s, -3*g = 5*s - 15009. What are the prime factors of g?
5003
Let t be 4*22*1/8. Let k(w) be the first derivative of 5*w**2 - 11*w - 384. List the prime factors of k(t).
3, 11
Suppose 3*r = 5*o + 115, -5*r + 4*o - 76 + 272 = 0. Suppose 0 = -18*l + 13*l - r. What are the prime factors of (-906)/l + 8/(-32)?
113
Let s(i) = -12*i - 18. Suppose -2*f + 7*p = 3*p + 180, 340 = -4*f - 2*p. Let g = f + 71. List the prime factors of s(g).
2, 3
Suppose 7*j - 6*j + 1 = 0. Let r(k) = -200*k**3 - k. Let o be r(j). Suppose -o + 53 = -4*q. List the prime factors of q.
37
Suppose -2*r = -54*r - 405561 + 1426581. What are the prime factors of r?
3, 5, 7, 11, 17
Suppose 0 = 27*u - 23*u + r - 13320, 5*u - 3*r - 16633 = 0. List the prime factors of u.
3329
Let p(c) = 82*c**2 - 9*c - 239. What are the prime factors of p(-10)?
83, 97
Let i(o) = 17*o - 15*o - 3*o - 18*o - 3*o + 480. What are the prime factors of i(-12)?
2, 3, 31
Let z(r) = 22*r + 7. Let i be z(-8). Let o = i - 129. Let g = -110 - o. List the prime factors of g.
2, 47
Suppose -3*h - 5*r - 11 = 0, -6 = 2*h + 6*r - 3*r. List the prime factors of (h/(-2))/(5/(-1140)).
2, 3, 19
Suppose -3*r + 72 = -15. Suppose -2*s + 0*s + 5*o = -r, o = -s - 3. Suppose -2*k = -4*x - 52, s*k + 2*k - 104 = 2*x. List the prime factors of k.
2, 13
Suppose 3*h + 0*h = 531. Let s = -125 + h. Let d = -41 + s. What are the prime factors of d?
11
Let p(s) = s + 21. Let d(f) = -3*f - 42. Let c(w) = 2*d(w) + 5*p(w). Let b be c(16). Suppose 18 = -b*m - a + 58, -4*a = 20. What are the prime factors of m?
3
Suppose 33307 = -9*b + 170845. What are the prime factors of b?
2, 3, 283
Let x(t) = t**2 - 3. Let h be x(4). Let l be 1797 - 40/(-12)*3. Suppose 0*r + h*r - l = 0. List the prime factors of r.
139
Let g = -668 + 1336. Suppose 1002 = 3*j + 7*t - 3*t, 0 = -2*j + 5*t + g. List the prime factors of j.
2, 167
What are the prime factors of (-18)/(8 + -2)*11633/(-1)?
3, 11633
Let k(n) = 187*n**2 + 14*n - 2. Let b be k(2). Suppose s + 465 = 3*a, -s + 3*s = 5*a - b. What are the prime factors of a?
2, 3, 13
Let l(p) = 29098*p**3 - 3*p**2 - 100*p + 101. What are the prime factors of l(1)?
2, 3637
Let y(t) = -643 + 12*t - 2*t + 661. List the prime factors of y(4).
2, 29
Let u(g) = 25*g**3 - 13*g**2 + 13*g + 92. What are the prime factors of u(6)?
2, 2551
Let k = 2391 - 2003. Let f(j) = 309*j + 2. Let a be f(2). Suppose -6*d + a = -k. List the prime factors of d.
2, 3, 7
Let c = -41538 + 95635. List the prime factors of c.
47, 1151
Suppose 0 = -4*f + f - 90. Let z = 25 - f. Let w = z - -65. What are the prime factors of w?
2, 3, 5
Let l(i) = -i**3 - i + 1. Let w(g) = g**3 - 17*g**2 + 7*g + 38. Let t(h) = -2*l(h) - w(h). Suppose 33*q - 170 = 21*q + 22*q. List the prime factors of t(q).
3, 5
Let k = -1031 - -1019. List the prime factors of 580 + (8 - k/(-3)).
2, 73
Let t(m) = 2*m**2 + 4*m + 3. Let n = -45 + 43. Let z be t(n). What are the prime factors of z*2/3 - -69?
71
Let y(d) = 1. Let x(h) = -88*h + 32. Let z(l) = -x(l) - 2*y(l). What are the prime factors of z(5)?
2, 7, 29
Suppose 5*q + 4*w = -18 - 19, -3*q - 21 = 2*w. Let f(x) = 23*x**2 - 6*x + 7. What are the prime factors of f(q)?
2, 3, 17
Let s be (-3)/(7 - 10) + -5524. List the prime factors of (-11 + 210/18)/((-2)/s).
7, 263
Let j be (-4)/(-4 - -5) + (-4)/(-2). Let o be (2*-1)/(j - 6/(-4)). Suppose -2*y = 4*l - 257 + 53, 212 = 4*l + o*y. List the prime factors of l.
7
Let c = 142 + -58. Suppose -c*z - 1300 = -88*z. List the prime factors of z.
5, 13
Suppose m = 4*k - 3*k + 50, -3*m = 6. List the prime factors of (-622)/(-6) - k/39.
3, 5, 7
Suppose 3*b = 4*l - 24, 18*l + 9 = 21*l. What are the prime factors of b/(-8) + 0 + 4052/8?
3, 13
Let q(t) = -t**2 - 16*t - 8. Let h be q(-15). List the prime factors of (h/3)/((49/273)/7).
7, 13
Let o = -28149 - -43685. What are the prime factors of o?
2, 971
Suppose 0 = -16*s - 15*s - 18507. Let g = s - -1347. What are the prime factors of g?
2, 3, 5
Suppose 0 = 4*g - 5*u - 161558, -15*u + 14*u = 2. List the prime factors of g.
40387
Suppose -18*o = 3*o - 30*o + 307395. What are the prime factors of o?
3, 5, 11, 23
Let b = 301 - 297. Suppose -1448 = -2*h - b*l, -4*l = 3*h - 2*l - 2164. What are the prime factors of h?
2, 3, 5
Let h = 49 + -46. Suppose 3 = -h*v + 9. What are the prime factors of 1/((-3)/(-6)) + (137 - v)?
137
Suppose -2*k = -0*k - 4, -4*k - 91 = 3*p. What are the prime factors of (-18837)/p - (-16)/88?
571
Suppose -3*b + 3*t = 8*t - 2262, -2*b + 1515 = t. Let n = b + -208. List the prime factors of n.
19, 29
Suppose 5*f = -20, -5*h - 2637 = 4*f - f. Let u = 878 + h. Suppose 4*o + u = 925. What are the prime factors of o?
11, 13
Let c = 15348 - -1912. What are the prime factors of c?
2, 5, 863
Let w(l) = 4*l - 8. Let y be w(5). Suppose 5*x + 4*k = -24, 5*x - 2*x + 3*k + y = 0. Let f(g) = 3*g**2 + 13*g + 24. List the prime factors of f(x).
2, 7
Let m be ((0 - 6) + 2 + 3)/1. Let l = 1 - m. Suppose i + 2*a - 75 = -l*a, 3*i - 280 = -a. What are the prime factors of i?
5, 19
Let x(f) = f**3 - 10*f**2 - 14*f + 23. Let u be x(11). What are the prime factors of 966551/755 - (-1 + (-2)/u)?
3, 7, 61
Suppose 4*v = 16 + 8, -2*c = -5*v - 17878. List the prime factors of c.
2, 11, 37
Suppose 0 = 95*o - 56*o - 141999. What are the prime factors of o?
11, 331
Let g(t) = t**2 + 8*t + 11. Let w be g(-7). List the prime factors of 2 - 0 - (-230 - w).
2, 59
Suppose 4*s = -r + 4*r + 106, -5*s = r - 142. Let j = 19 - s. Let c = j + 51. What are the prime factors of c?
2, 3, 7
Suppose -81*g = -9167 - 9139. Suppose 5*m + 3*u - 343 = 0, 2*m + 2*u = -2*m + 276. Suppose 5*r + m = g. What are the prime factors of r?
31
Suppose -3*q + 5*v + 39 = 0, -v - 65 = -3*q - 2*q. Suppose -11*d = -q*d + 506. List the prime factors of d.
11, 23
What are the prime factors of 22/143 - 845394/(-143)?
2, 739
List the prime factors of (-32)/(-15)*1021 - 84/630.
2, 3, 11
Let a be (0 + -2110)*(-258)/215. Suppose -23*x = -17*x - a. List the prime factors of x.
2, 211
Suppose 3*x = 3*u